mmon factor of 893 and 3552354.
893
What is the highest common divisor of 2840 and 920?
40
Calculate the greatest common divisor of 400 and 21850.
50
Calculate the greatest common factor of 3405 and 201122.
227
What is the greatest common divisor of 42295 and 33?
11
Calculate the greatest common factor of 21268 and 65.
13
Calculate the highest common factor of 224736 and 224.
32
What is the greatest common factor of 3204 and 332148?
1068
Calculate the greatest common divisor of 123 and 354117.
123
What is the greatest common factor of 43835 and 550?
55
Calculate the highest common divisor of 1112 and 561838.
278
What is the highest common divisor of 638 and 64823?
11
Calculate the greatest common factor of 11790 and 393.
393
Calculate the highest common divisor of 2082 and 4974.
6
What is the highest common factor of 11592 and 3192?
168
Calculate the highest common divisor of 40348 and 4928.
308
Calculate the highest common factor of 9728 and 10868.
76
Calculate the highest common factor of 4170 and 4.
2
What is the greatest common divisor of 252 and 5706?
18
What is the highest common divisor of 7622 and 4958?
74
Calculate the highest common factor of 18255 and 585.
15
What is the highest common divisor of 33077 and 582?
97
Calculate the greatest common factor of 531 and 12348.
9
Calculate the highest common divisor of 65868 and 143.
11
What is the highest common divisor of 76621 and 397?
397
What is the greatest common factor of 8 and 94688?
8
Calculate the greatest common divisor of 17542 and 3626.
98
What is the greatest common factor of 11232 and 637?
13
Calculate the highest common factor of 47054 and 350.
14
What is the greatest common factor of 9120 and 2470?
190
What is the greatest common factor of 11466 and 8697?
39
Calculate the greatest common factor of 77860 and 30915.
1145
What is the highest common divisor of 148 and 2804?
4
Calculate the greatest common divisor of 685 and 20687.
137
What is the highest common divisor of 74039 and 196?
49
Calculate the greatest common divisor of 4110 and 720.
30
What is the greatest common factor of 84 and 34818?
42
What is the highest common factor of 40921 and 24160?
151
What is the highest common factor of 936 and 156663?
117
Calculate the highest common factor of 395616 and 12.
12
Calculate the greatest common factor of 327765 and 105.
15
What is the greatest common factor of 73480 and 200?
40
Calculate the highest common factor of 355 and 33654.
71
Calculate the highest common factor of 113791 and 17063.
113
Calculate the highest common factor of 925 and 276945.
185
What is the greatest common factor of 592 and 407?
37
Calculate the greatest common divisor of 3792 and 18723.
237
Calculate the highest common factor of 10 and 8633610.
10
What is the highest common divisor of 440075 and 75?
25
What is the greatest common factor of 102856 and 17342?
598
Calculate the highest common divisor of 1054317 and 516.
129
What is the greatest common factor of 32980 and 2040?
340
What is the greatest common divisor of 456 and 15694?
38
What is the greatest common factor of 787950 and 17?
17
Calculate the greatest common factor of 61216 and 2.
2
Calculate the highest common divisor of 339327 and 333.
333
Calculate the greatest common factor of 378 and 21519.
27
Calculate the highest common factor of 5157 and 49087.
191
What is the highest common divisor of 98649 and 291?
291
Calculate the greatest common divisor of 7035 and 6510.
105
Calculate the highest common divisor of 954592 and 5888.
736
What is the highest common factor of 849596 and 2?
2
Calculate the highest common factor of 80 and 1066160.
80
Calculate the greatest common divisor of 1140798 and 342.
114
Calculate the highest common divisor of 3975 and 2250.
75
Calculate the highest common divisor of 48357 and 995.
199
Calculate the highest common factor of 425 and 1887.
17
Calculate the highest common divisor of 44 and 6347.
11
What is the greatest common divisor of 13311 and 63801?
459
What is the greatest common factor of 3216 and 2544?
48
What is the highest common divisor of 1353362 and 2056?
514
Calculate the highest common factor of 2685829 and 67.
67
What is the highest common factor of 45 and 40437?
9
Calculate the highest common divisor of 135513 and 142683.
717
What is the highest common factor of 193440 and 90?
30
What is the highest common factor of 1656496 and 80?
16
Calculate the highest common factor of 29067109 and 1499.
1499
What is the highest common factor of 7115 and 1895?
5
What is the highest common factor of 540 and 305?
5
What is the greatest common divisor of 40 and 10520?
40
Calculate the greatest common divisor of 2277114 and 42.
42
Calculate the highest common divisor of 112 and 376880.
112
What is the highest common factor of 15 and 14120?
5
What is the greatest common divisor of 55279 and 106?
53
What is the highest common divisor of 414 and 2208?
138
What is the greatest common divisor of 477 and 17278?
53
Calculate the greatest common factor of 18019 and 111.
37
Calculate the greatest common divisor of 337250 and 2130.
710
Calculate the highest common factor of 24728 and 55.
11
Calculate the highest common factor of 14343 and 12705.
21
Calculate the greatest common factor of 200 and 52540.
20
Calculate the highest common factor of 145804 and 4.
4
What is the greatest common factor of 59784 and 1536?
24
What is the highest common factor of 12 and 299748?
12
What is the highest common factor of 18 and 639786?
6
What is the highest common factor of 42588 and 20622?
42
Calculate the highest common divisor of 6045 and 33410.
65
Calculate the greatest common factor of 31061 and 5584.
349
What is the highest common divisor of 168 and 19544?
56
What is the highest common factor of 1936 and 50864?
176
What is the greatest common factor of 43296 and 246?
246
Calculate the greatest common divisor of 24 and 1359104.
8
Calculate the highest common factor of 394908 and 12.
12
What is the highest common factor of 624 and 2271?
3
What is the highest common divisor of 6836 and 1143321?
1709
What is the greatest common divisor of 35382 and 6?
6
What is the highest common factor of 749 and 49327?
107
Calculate the highest common factor of 880788 and 290.
58
Calculate the highest common divisor of 1644 and 65349.
411
What is the highest common factor of 46463 and 42631?
479
What is the greatest common divisor of 1662 and 780?
6
What is the greatest common divisor of 5080 and 222885?
635
Calculate the greatest common factor of 50379 and 42.
21
Calculate the greatest common factor of 2585 and 10.
5
Calculate the greatest common divisor of 68804 and 20708.
668
Calculate the highest common divisor of 25 and 77150.
25
Calculate the highest common divisor of 2004 and 2532.
12
What is the greatest common factor of 44660 and 37642?
638
Calculate the greatest common factor of 12405 and 375.
15
What is the greatest common divisor of 425719 and 6405?
427
What is the highest common divisor of 6494 and 82512?
382
Calculate the highest common factor of 397761 and 910.
91
Calculate the greatest common factor of 290875 and 25.
25
What is the highest common divisor of 132 and 9724?
44
Calculate the highest common divisor of 27710 and 2040.
170
What is the greatest common divisor of 14 and 48566?
14
Calculate the greatest common divisor of 50 and 101550.
50
Calculate the greatest common factor of 70 and 116270.
70
Calculate the greatest common divisor of 32160 and 1280.
160
What is the greatest common factor of 6700 and 1139?
67
Calculate the greatest common divisor of 28 and 77518.
14
Calculate the highest common divisor of 24 and 591912.
24
Calculate the greatest common factor of 271038 and 398.
398
What is the highest common divisor of 131557 and 8497?
293
Calculate the highest common divisor of 11120 and 80.
80
What is the highest common factor of 28039 and 220?
11
Calculate the highest common factor of 1150 and 3720.
10
Calculate the highest common divisor of 2577302 and 221.
221
Calculate the greatest common divisor of 10242 and 186.
6
What is the highest common divisor of 17822 and 209?
19
What is the highest common factor of 10305 and 855?
45
What is the highest common divisor of 1275 and 595?
85
Calculate the highest common divisor of 7